8*w - 7. Give r(-8).
1801
Let p(d) = d**2 + 785680*d + 10213683. Calculate p(-13).
12
Let v(n) = -40*n**2 + 351*n + 47. Give v(8).
295
Let t(o) = 86077*o + 1118954. Calculate t(-13).
-47
Let d(q) = q**2 + 221*q + 7710. Calculate d(-178).
56
Let t(s) = 3*s**2 + 971*s - 8309. Determine t(-332).
-9
Let n(l) = 2747*l - 10972. What is n(4)?
16
Let p(o) = 5*o**2 + 766*o + 9879. Determine p(-139).
10
Let s(q) = -q**3 - 356*q**2 + 2163*q - 3285. What is s(-362)?
-27
Let t(d) = -6161*d - 135543. Calculate t(-22).
-1
Let l(j) = 864*j + 40141. Calculate l(-46).
397
Let b(k) = -25*k**3 - 4295*k**2 + 842*k - 3115. Determine b(-172).
-19
Let b(n) = 99910*n - 1198968. Determine b(12).
-48
Let z(w) = -2441*w + 7312. Give z(3).
-11
Let d(j) = j**3 + 81*j**2 + j - 278. Give d(-81).
-359
Let l(r) = 1304*r - 249296. Calculate l(191).
-232
Let c(h) = -75*h - 4535. Determine c(-74).
1015
Let d(c) = 44036*c + 219788. Give d(-5).
-392
Let t(s) = s**3 + 31*s**2 + 314*s + 12581. Determine t(-33).
41
Let u(j) = -j**2 + 482*j + 114149. Determine u(656).
5
Let g(k) = 6*k**2 - 7748*k - 38620. Determine g(-5).
270
Let p(t) = -55*t + 309. What is p(-5)?
584
Let m(q) = -18*q**2 - 4969*q - 251. What is m(-276)?
25
Let r(t) = -t**2 - 479*t - 23992. What is r(-422)?
62
Let d(u) = 9874*u + 286319. Calculate d(-29).
-27
Let q(w) = w**3 + 4*w**2 + 8*w - 76. What is q(-4)?
-108
Let z(g) = 454*g + 17065. What is z(-38)?
-187
Let t(s) = 11*s**3 - 254*s**2 + 404*s - 8902. Determine t(23).
-139
Let n(t) = -61*t**3 + 222*t**2 - 146*t + 78. What is n(3)?
-9
Let u(j) = 7832*j + 438540. Give u(-56).
-52
Let z(q) = 991340*q - 7930713. What is z(8)?
7
Let d(y) = -3484*y + 202097. Calculate d(58).
25
Let m(i) = i**2 + 172*i + 5504. Calculate m(-59).
-1163
Let s(w) = -w**3 + 3*w**2 + 61*w + 2322. Give s(0).
2322
Let y(n) = -n**3 - 35*n**2 - 12651*n - 401762. Determine y(-32).
-2
Let v(c) = -64042*c + 26. What is v(0)?
26
Let m(w) = 555*w + 5210. Calculate m(-16).
-3670
Let o(m) = 266*m + 4483. What is o(-17)?
-39
Let c(r) = -33921*r + 4172295. What is c(123)?
12
Let w(c) = -26*c**2 + 992*c + 6893. Give w(-6).
5
Let r(f) = 22436*f - 516262. Give r(23).
-234
Let g(s) = s**2 + 56*s + 434. What is g(-54)?
326
Let d(x) = -19*x**2 + 2113*x - 15726. Give d(8).
-38
Let u(m) = -48*m**2 - 1155*m + 1097. What is u(-25)?
-28
Let c(f) = 8926*f**2 + 508786*f + 236. Determine c(-57).
8
Let l(g) = -2000*g + 18059. Give l(9).
59
Let k(q) = 913*q**2 + 47*q - 94. Calculate k(2).
3652
Let p(r) = -2*r**3 + 84*r**2 + 86*r + 152. Determine p(43).
152
Let x(d) = -d**2 + 103503*d + 6110177. Give x(-59).
19
Let t(p) = p**3 - 76*p**2 - 262*p + 8138. Give t(78).
-130
Let z(r) = 66675*r + 800089. Determine z(-12).
-11
Let n(g) = 336*g**2 + 1176*g - 2481. What is n(-5)?
39
Let u(h) = 90038*h - 720352. Calculate u(8).
-48
Let x(a) = 2*a**3 - 476*a**2 - 4*a + 970. What is x(238)?
18
Let k(z) = -2818*z + 38772. Determine k(14).
-680
Let w(k) = 21*k**2 - 247*k + 71. Calculate w(12).
131
Let c(y) = -749999*y + 11250000. Determine c(15).
15
Let w(z) = 3461*z + 23536. Give w(-7).
-691
Let y(j) = 3803*j + 87915. What is y(-24)?
-3357
Let b(v) = -3*v**3 + 771*v**2 + 790*v - 4141. Determine b(258).
-13
Let u(d) = -5518*d + 281382. Determine u(51).
-36
Let x(l) = -361*l + 36294. Determine x(100).
194
Let l(o) = 441027*o - 46307840. What is l(105)?
-5
Let v(w) = -3*w**2 - 687*w - 24826. Calculate v(-37).
-3514
Let k(s) = 288*s - 13271. What is k(48)?
553
Let m(n) = -172*n**2 + 580*n - 20. Calculate m(5).
-1420
Let q(s) = s**3 - 80*s**2 + 399*s + 53594. Give q(46).
4
Let a(v) = -v**3 - v**2 + 177*v + 1003. What is a(-8)?
35
Let d(p) = -2*p**3 - 7*p**2 - 4606*p - 18442. Determine d(-4).
-2
Let b(d) = -2*d**2 + 388*d - 17690. Determine b(72).
-122
Let z(u) = -15723*u - 141504. Determine z(-9).
3
Let m(d) = -2786*d - 40947. Determine m(-14).
-1943
Let c(g) = -1354*g - 603. Determine c(-2).
2105
Let o(u) = 13*u**3 + 872*u**2 + 69*u + 125. Calculate o(-67).
-9
Let d(n) = -n**3 - 81*n**2 - 1024*n + 264. Give d(-16).
8
Let n(s) = 11140*s + 155985. Determine n(-14).
25
Let v(r) = 6672*r - 74990. Give v(11).
-1598
Let q(x) = -x**3 + 186*x**2 + 5764*x - 2752. Give q(213).
17
Let n(u) = 8*u**3 + 515*u**2 - 727*u + 8630. Calculate n(-66).
-16
Let v(z) = 17612*z - 5547830. Give v(315).
-50
Let z(r) = 1485*r - 12. Give z(0).
-12
Let f(o) = -3*o**2 + 1362*o + 16774. What is f(466)?
-2
Let f(x) = 3*x**2 - 7133*x - 50055. What is f(-7)?
23
Let l(s) = -s**2 + 69*s + 3220. Calculate l(97).
504
Let m(y) = -y**3 - 21*y**2 + 156*y + 1916. Determine m(-21).
-1360
Let r(d) = 465*d + 13099. Calculate r(-27).
544
Let q(t) = 7*t**2 + 9*t + 279. Give q(0).
279
Let w(c) = c**2 + 76141*c - 380745. What is w(5)?
-15
Let s(q) = -q**3 + 6*q**2 + 88*q - 284. Calculate s(3).
7
Let f(s) = s**2 - 1119*s + 250279. Calculate f(309).
-11
Let x(q) = -1093*q + 44719. Give x(41).
-94
Let t(w) = 2511*w + 15257. What is t(-6)?
191
Let h(v) = -138*v - 24279. Determine h(-173).
-405
Let o(q) = 135*q + 8494. What is o(-70)?
-956
Let j(d) = -3*d**2 - 543248*d + 1629767. What is j(3)?
-4
Let f(l) = -2*l**3 - 82*l**2 - 87*l + 122. Determine f(-40).
402
Let b(g) = -g**3 + 25*g**2 + 171*g - 1246. Determine b(-9).
-31
Let o(a) = -a**2 - 39*a + 847. Determine o(-55).
-33
Let h(j) = 5*j**3 + 4*j**2 + 48*j - 1086. Calculate h(10).
4794
Let t(p) = -p**3 + 9*p**2 - 625*p + 4956. Determine t(8).
20
Let w(l) = -3*l**3 + 66*l**2 - 65*l - 2022. Determine w(19).
-8
Let z(g) = -3*g**2 + 457*g - 10099. What is z(23)?
-1175
Let h(j) = 46*j**2 + 501*j + 2517. Give h(-5).
1162
Let s(d) = 90*d - 2956. Determine s(17).
-1426
Let m(a) = -52*a + 1628. Determine m(32).
-36
Let u(l) = 18*l**2 - 16*l - 317. Determine u(-5).
213
Let d(n) = -n**3 + 9*n**2 + 232*n - 205. Calculate d(20).
35
Let m(l) = 49962*l + 49855. Give m(-1).
-107
Let f(v) = 5038*v + 226786. Give f(-45).
76
Let g(m) = -1789*m**3 + 12537*m**2 - 159*m + 428. What is g(7)?
1
Let f(v) = -v**3 + 1819*v**2 - 21390*v - 531253. Give f(1807).
5
Let p(q) = 2*q**3 - 163*q**2 + 83*q + 369. What is p(81)?
531
Let s(w) = -w**2 - 168*w + 13998. Determine s(-228).
318
Let u(w) = 109*w - 376. What is u(5)?
169
Let k(w) = 175*w + 2909. What is k(-12)?
809
Let b(u) = 674*u**2 + 2*u + 2. What is b(0)?
2
Let y(v) = 125183*v + 1001458. Calculate y(-8).
-6
Let o(g) = -g**3 - 67*g**2 + 464*g + 1099. Determine o(8).
11
Let p(n) = 57*n + 2033. Determine p(-37).
-76
Let y(p) = p**3 + 45*p**2 + 379*p + 22268. Give y(-47).
37
Let v(w) = -w**3 + 46*w**2 + 43*w - 461. Give v(46).
1517
Let k(w) = -w**3 + 46*w**2 - 647*w + 2837. Calculate k(24).
-19
Let a(c) = -73*c**2 + 9082*c + 14599. Give a(126).
-17
Let h(i) = -231*i - 5347. Calculate h(-28).
1121
Let g(f) = -3*f**2 - 92*f + 3540. Calculate g(24).
-396
Let o(b) = 2*b**3 + 21*b**2 + 212*b + 1174. Determine o(-7).
33
Let w(u) = -87*u**3 - 6*u**2 + 6*u + 27. Calculate w(0).
27
Let n(g) = -455*g - 647. Give n(-3).
718
Let d(t) = -8*t**3 + 302*t**2 + 99*t - 904. What is d(38)?
-30
Let d(x) = -16*x**3 - 1778*x**2 - 233*x - 1216. What is d(-111)?
5
Let f(w) = 133*w**2 - 762*w - 1188. Determine f(7).
-5
Let d(x) = -46*x**2 - 268*x + 274. Give d(-9).
-1040
Let y(k) = -k**2 + 3643*k - 86849. Calculate y(24).
7
Let l(r) = 19328*r - 9992594. Determine l(517).
-18
Let z(g) = 124386*g + 2114563. Determine z(-17).
1
Let m(d) = -5699*d + 90576. Determine m(16).
-608
Let a(f) = 237442*f - 4511460. Give a(19).
-62
Let v(s) = -101*s**2 - 16366*s - 677. Calculate v(-162).
-29
Let h(v) = 7*v**3 + 60*v**2 - 794*v - 5548. Calculate h(-7).
549
Let j(l) = 5*l**2 + 1923*l + 1519. Give j(-384).
367
Let k(n) = -8559*n - 3509248. Calculate k(-410).
-58
Let d(t) = 3*t**3 - 51*t**2 + 75*t + 200. Determine d(15).
-25
Let v(b) = -b**3 + 15*b**2 + 844*b - 4517. Determine v(5).
-47
Let g(u) = u**3 + 392*u**2 + 762*u + 145052. What is g(-391)?
-9
Let w(m) = -47412*m - 237022. Calculate w(-5).
38
Let j(l) = -5*l**2 + 5*l + 14315. What is j(54)?
5
Let j(o) = -11*o**3 - 57*o**2 + 107*o + 305. What is j(-6)?
-13
Let y(h) = 1266*h + 29608. What is y(-23)?
490
Let b(o) = -o**3 + 375*o**2 - 12515*o + 246. Give b(37).
-87
Let u(b) = -134*b**2 + 1961*b - 15468. What is u(8)?
-8356
Let n(u) = 16*u**2 - 611*u - 518. Determine n(39).
-11
Let h(j) = -j**3 - 4*j**2 